*14. Suppose 3*o + o = n. Calculate the highest common divisor of 49 and o.
7
Let i(j) = -89 + 180 - 89 + j. Let q be i(8). What is the greatest common factor of q and 45?
5
Let a be (-1869)/(-8) + (-9)/(-24). Calculate the greatest common divisor of a and 18.
18
Let l(b) = b**3 + 2*b + 2. Let z be l(3). Let u = -20 - -34. Calculate the greatest common factor of u and z.
7
Let w = 2550 + -2250. Calculate the greatest common divisor of w and 525.
75
Suppose 15*v - 35 = 8*v. Calculate the highest common factor of 13 and v.
1
Let w = -246 - -262. What is the greatest common factor of w and 48?
16
Suppose -2 = -v, -2*v + 72 + 32 = 4*c. Let n(y) = y**3 + 13*y**2 + 7*y + 10. Let g be n(-11). Calculate the greatest common divisor of g and c.
25
Let o = 20 + -15. Suppose -4*j = -z + o - 81, 0 = -j - 4*z + 2. Calculate the highest common factor of j and 45.
9
Let v be (-3)/(-5) - 4*21/(-10). Let w be (v/(-15))/((-7)/350). What is the greatest common divisor of 20 and w?
10
Let w be -1*13*-1 + (-13 - -9). Let b = 57 + w. What is the greatest common factor of 6 and b?
6
Suppose 217 - 77 = 4*b. Let t be (-42)/b*(-190)/4. Suppose -5*f + 85 = 5*v, -5*f + v + t = -10. What is the highest common divisor of f and 14?
14
Let f(b) = -b**3 + 7*b**2 + 22*b - 21. Let r be f(9). What is the greatest common divisor of r and 60?
15
Let t = 18 - -1. Suppose 0 = 2*s - 79 + t. Calculate the greatest common factor of 12 and s.
6
Suppose -4*l - 2*o + 732 = 0, 5*l - 699 = -4*o + 210. Let p = -126 + 200. Calculate the highest common factor of l and p.
37
Let q(h) = 3*h - 3. Let o be q(2). Suppose -7*l + 3*l + n = -26, 2*l - 3*n = 8. Suppose -5 - l = -o*t. What is the greatest common factor of t and 10?
2
Suppose 2*b = -g - 3*b + 83, -b = -g + 59. Suppose g = 5*y + i, -4*y + 42 = -4*i + 2*i. Calculate the highest common divisor of 48 and y.
12
Let d = 26 - 1. Let f(h) = h**2 + 4*h - 7. Let x(g) = -2*g**2 - 4*g. Let u be x(-3). Let t be f(u). Calculate the highest common factor of t and d.
5
Suppose -7*w + 2*w - 3*n = -585, 20 = 4*n. Let g = w - 70. What is the greatest common factor of 22 and g?
22
Let d be 39*(0 + 0 - 11). Let h be (d/4)/((-1)/(-4)). Let n = -249 - h. Calculate the highest common divisor of 20 and n.
20
Let n(w) = 2*w**2 + 11*w - 4. Let m be 12*(10/(-4) + 3). Let t = 13 - m. Let s be n(t). Calculate the highest common factor of 19 and s.
19
Let c = 1717 + -1667. What is the highest common factor of 440 and c?
10
Let h = 147 - 247. Let d = h - -180. Suppose 0 = 3*y + 5*u - 23, 2*y - u - 6 = 31. What is the highest common factor of d and y?
16
Let l(n) = -n**3 - 8*n**2 + 8*n + 1. Suppose 4*j - 18 = -w + 3*w, 4*j - 9 = w. Let p be l(w). Calculate the greatest common factor of 90 and p.
10
Let d(y) = y + 13. Let q be d(-8). Let j(u) = u**3 - 3*u**2 - u - 3. Let s be j(4). Suppose q*w + 180 = s*w. What is the highest common divisor of 15 and w?
15
Let f = -8 + 12. Suppose 0 = -4*t + 16, 3*c + f*t - 16 = -c. Suppose -59 = -3*g - 4*o + 35, -3*o + 3 = c. Calculate the greatest common divisor of g and 12.
6
Let j = -117 - -261. Suppose -o - 3*o = -j. Calculate the greatest common divisor of o and 18.
18
Let s be ((-24)/20)/(4/(-10)). Suppose 4*i = -2*x + 102, 3*i + s*x - 75 = x. Suppose -3*o + 33 + i = 0. Calculate the greatest common divisor of o and 50.
10
Let a = 211 + -204. What is the greatest common factor of a and 28?
7
Suppose p - 18 + 16 = 0. Let c(j) = j**3 + 7*j**2 + 5*j - 6. Let k be c(-6). Suppose -p*x = -k*x - 168. Calculate the highest common factor of x and 14.
14
Suppose 0*r = -2*r + 10. Let l be (-15)/2*(-6 - 0/(-9)). What is the greatest common divisor of r and l?
5
Suppose 0 = 3*j + 5*z - 62, 0 = -2*j + z + z + 52. What is the greatest common factor of j and 228?
12
Suppose -9*p = -5*b - 4*p - 5, -5*p = 2*b - 5. Suppose d + 3*f - 24 = b, -2*f = -2*d + f + 12. Calculate the highest common divisor of d and 192.
12
Let s(p) = 2*p - 8. Let v be s(4). Suppose v = 3*l - 5*q + 17, -5*q + 19 = -4*l + 3*l. Calculate the greatest common divisor of l and 1.
1
Let q = 6 - 1. Let v be 2/1*25/(-10). Let k(a) = a**2 + 3*a - 5. Let i be k(v). What is the greatest common divisor of q and i?
5
Let q(k) = 6*k - 1. Let n be q(-3). Suppose -2*x = 2*x + 20. Let u = x - n. What is the highest common divisor of 112 and u?
14
Let s = 385 - 358. Let m(n) = -63*n + 2. Let x(g) = -1071*g + 35. Let t(c) = -35*m(c) + 2*x(c). Let k be t(3). Calculate the highest common divisor of k and s.
27
Let d = 45 - 11. Suppose d*a - 19 = 33*a. Calculate the highest common divisor of 114 and a.
19
Let u = -721 - -1011. What is the highest common divisor of 20 and u?
10
Suppose 32*x - 44*x = -168. Calculate the highest common factor of 14 and x.
14
Let t be 7*(-3 - 117/(-21)). Suppose -y = 5 - t. Let x = -12 + y. What is the highest common factor of x and 3?
1
Suppose 0 = 4*s - 2616 - 856. Calculate the highest common factor of 56 and s.
28
Let r = 35 + -32. Suppose r*f = -9, -2*v + f + 19 = -0*f. What is the highest common factor of 40 and v?
8
Let x be (1 - 5) + (-7)/((-21)/27). Suppose 5*p + x*i - 120 = 0, -2*i - 58 = -2*p + i. What is the highest common divisor of p and 65?
13
Let z = 143 - 224. Let f = z + 113. Let d = 39 - f. Calculate the greatest common divisor of 63 and d.
7
Suppose 2*s = j - 720, -s = -2*j - 3*s + 1440. Suppose 0 = 2*i - 7*i + j. What is the highest common factor of i and 16?
16
Let j = 38 - 26. Suppose 2*g + 4 - 1 = r, -2*g + 2*r - 6 = 0. Suppose -v - v = 5*q - 212, g = 4*v - q - 380. What is the highest common factor of j and v?
12
Suppose -35*u + 1605 = 345. Calculate the greatest common divisor of u and 288.
36
Let c(v) = -v**2 + 16. Let q be c(0). Suppose 0 = -4*t - 44 + q. Let i(b) = -5*b - 17. Let a be i(t). What is the greatest common divisor of a and 90?
18
Let c be (-9*10/(-90))/(2/28). What is the highest common factor of 8 and c?
2
Let z(j) = -j**3 + 26*j**2 + 24*j + 86. Let y be z(26). What is the greatest common factor of 20 and y?
10
Let w = -1303 - -1438. What is the highest common factor of 10 and w?
5
Let s(m) = 4*m**2 - m - 2. Let p be s(2). Let f = 11 + -41. Let j be (f - -39)/((-2)/(-8)). Calculate the greatest common divisor of p and j.
12
Let y = 58 - -8. Let d be 4/(-14) - 176/(-28). Calculate the highest common factor of d and y.
6
Let t(k) = 2*k**2 + 10*k - 50. Let s be t(4). Let b = 108 - -134. What is the highest common divisor of b and s?
22
Let c(a) = 5*a**2 + 7*a + 9. Let t be c(-3). What is the greatest common divisor of 21 and t?
3
Let p = -12 - -9. Let k be (5 - p)*(-10)/(-4). Calculate the highest common factor of k and 10.
10
Suppose 52 = 3*c - 2*z - 2*z, 4*z = 2*c - 40. Let v be 5811/15 + 2/(-5) + -3. Suppose -7*m = -v - 36. What is the greatest common divisor of c and m?
12
Let d = -478 + 542. What is the highest common divisor of 160 and d?
32
Let h = 62 - 28. Suppose -3*z + 8 + h = 0. Let u(t) = 15*t**2 - 1. Let q be u(-1). What is the greatest common factor of q and z?
14
Let k be 0 - 7 - (-171)/9. What is the highest common divisor of k and 8?
4
Let f(i) = 2*i**3 + 17*i**2 - 15*i - 6. Let l be f(-9). What is the highest common factor of l and 144?
48
Let x be 12 + 424/12 + 2/(-6). Calculate the highest common divisor of x and 7.
1
Let t = -70 + 98. Let j be (6/(-8))/(5/(-60)). Let w be 80/6 + 6/j. Calculate the highest common factor of t and w.
14
Let g be 210/(-16)*-2*4. Suppose 0 = 5*k - 12*k - g. Let n = 23 + k. Calculate the highest common divisor of 72 and n.
8
Let l = 2 + 4. Suppose -5*o + 21 - l = 0. Suppose -r + 27 = 3*y, 4 - 27 = -4*y + o*r. Calculate the highest common divisor of y and 2.
2
Let v = -484 + 2158. What is the greatest common factor of v and 124?
62
Let s be (-1)/8 + 5830/176. What is the highest common factor of 1749 and s?
33
Suppose -3*x = 2*x. Suppose 9*p - 4*p - 330 = x. Let a = -1246 + 1252. What is the greatest common divisor of a and p?
6
Suppose 74*k - 14528 = 5896. What is the greatest common factor of 345 and k?
69
Suppose 4*n + 39*m - 42*m = 143, 3*n = -3*m + 81. Calculate the highest common divisor of n and 208.
16
Suppose -117*r + 49686 = -26*r. What is the highest common divisor of 130 and r?
26
Suppose 7*u - 3 = 151. Let w = -3 + 16. Let z = w + -2. What is the highest common div